y - 1 + 13 = 0, 4*y = 2*d - 72. What is the remainder when d is divided by 8?
4
Suppose 2*t = -14 + 6. Let p be 2/t*(2 - -12). What is the remainder when (p + 1)*5/(-15) is divided by 1?
0
Let d be 2/(-7) - (-115)/35. Calculate the remainder when 30 - ((d - 2) + -2) is divided by 17.
14
Let n(c) = 56*c**3 - c**2. Let w be n(1). Suppose 2*u = -3*p + w, -59 = 5*p + 5*u - 159. What is the remainder when 29 is divided by p?
14
Suppose 2*g + 2 = 0, 4*j - 30 = -3*g + 55. What is the remainder when 81 is divided by j?
15
Suppose 6*j - 15 = 3*j. Suppose 2 = -5*r + 37. Let g = r + -4. What is the remainder when j is divided by g?
2
Let s(m) = -m**3 + 8*m**2 - 5*m + 2. Let x be s(3). Suppose 5*r = 3*p - 3 - 21, -x = -4*p + 4*r. What is the remainder when p is divided by 3?
2
Suppose -3*r - 5 + 17 = 0. What is the remainder when 10 is divided by r?
2
Suppose -2*w = 18 - 4. Let p(y) = -y + 4. What is the remainder when 40 is divided by p(w)?
7
Let x = -13 - -12. Calculate the remainder when 2 is divided by 0/(0 - 2) - x.
0
Suppose -4*a = -2*a - 36. Let q(i) = 4*i - 22. Calculate the remainder when q(14) is divided by a.
16
Let u(w) = w**3 + 7*w**2 + 7*w + 5. Calculate the remainder when u(-4) is divided by ((-2)/6)/((-2)/78).
12
Let k be (-2204)/16 + (-5)/20. Let x = -15 - k. What is the remainder when x is divided by 31?
30
Suppose -4*y - 33 + 9 = 0. Let k(z) = z**3 + 8*z**2 + 7*z - 1. What is the remainder when k(y) is divided by 15?
14
Let r be (6/(-3))/(-1)*-2. Let v = r - -22. What is the remainder when 70 is divided by v?
16
Let o = 183 + -100. Calculate the remainder when o is divided by 12.
11
Let j(s) = s**2 + 29*s + 102. Let l be 3*1*(-10)/3. Let q = l + 17. Calculate the remainder when q is divided by j(-4).
1
Let q = 268 + -172. What is the remainder when 2/(3/(-3)) + q is divided by 24?
22
Let o = -12 + 26. Suppose -14 = 4*y - 2*i, -5*i = -5*y - 6 - o. What is the remainder when 15 is divided by 5*(y + (-63)/(-15))?
3
Calculate the remainder when 99 is divided by (-51)/(-1 - (-2)/(-4)).
31
Suppose -7*k + 5*k + 88 = 0. Calculate the remainder when k is divided by 24.
20
Let m be 3/2*154/21. Let t = -4 + m. What is the remainder when 20 is divided by t?
6
Let j(m) = 3*m + 1. Let q be ((-6)/(-4))/(2/4). Let d be j(q). Suppose -i + 3*g + d = -12, 4*g - 14 = -3*i. What is the remainder when 28 is divided by i?
8
Suppose -2*b = 4 - 18. Calculate the remainder when b is divided by 5.
2
Suppose -2*c = 2*i - 16 - 10, -5*i = 3*c - 65. Let p(f) = 7*f - 4. Let k be p(4). Suppose k = -t + 2*t. Calculate the remainder when t is divided by i.
11
Suppose -104 = -5*v - 9. Let k(n) = -n**3 + 9*n**2 + 3*n - 7. Let c be k(9). Suppose -1 = -3*a + c. Calculate the remainder when v is divided by a.
5
Suppose -z - z - 16 = -2*r, 0 = 3*r + 2*z - 4. Let d = r - -8. What is the remainder when d is divided by 7?
5
Let n = 59 - 9. Suppose -5*s = -5*i - 0*s + 80, -i + 5*s + 28 = 0. Calculate the remainder when n is divided by i.
11
Let k(n) = -n**2 + 7*n - 4. Let q be 14/7 + 1 + 3. What is the remainder when 6 is divided by k(q)?
0
Calculate the remainder when 2/(-11) - (-10344)/264 is divided by 8.
7
Suppose -4*y + 108 = 4*m, m = -m. Suppose -y - 144 = -g. Let w = g - 122. Calculate the remainder when w is divided by 17.
15
Let p = 29 + -12. What is the remainder when (1/(-2))/(1/(-134)) is divided by p?
16
Suppose 22 = y + 5*c - 21, 0 = -2*y - 2*c + 102. What is the remainder when y is divided by 11?
9
Suppose 30*t = 33*t - 51. Let w = 15 - -16. Calculate the remainder when w is divided by t.
14
Suppose 3*r + 4*s = -48, 32 = -r - 3*s + 11. Let a = 36 - r. What is the remainder when a is divided by 10?
8
Let p = -12 - -22. Suppose -4*o + p = o. What is the remainder when (-6 + 8)*7*o is divided by 10?
8
What is the remainder when -1*((-96)/4 - 1) is divided by 15?
10
Suppose -2*k + 4*z + 52 = 0, 175 = 5*k - 4*z + 69. Let t = k - 12. Suppose -h - 4 = -3*h + 4*f, 0 = -3*f + t. What is the remainder when 11 is divided by h?
5
Suppose -2*x = -l + 24, 4*l = -x - 3*x + 36. Calculate the remainder when 54 is divided by l.
12
Let s = 158 - 70. Let u = s + -53. Let d(m) = -m**3 + 6*m**2 + 2*m. Calculate the remainder when u is divided by d(6).
11
Let q(d) = 14*d**2 + 2*d - 2. Calculate the remainder when 69 is divided by q(1).
13
Suppose -21*c + 17*c + 28 = 0. What is the remainder when 2/(-3) + (-124)/(-6) is divided by c?
6
Suppose 3*c - 4*c - 110 = -3*f, 0 = 2*c + 10. Suppose 13*o = 8*o + f. Let r = 29 - 9. Calculate the remainder when r is divided by o.
6
Suppose -71 = -2*u + 101. Suppose -1 + 10 = 3*n. Suppose -n*k - 14 = -u. What is the remainder when k is divided by 13?
11
Suppose -5*l = -7*l + 158. Suppose -5*m + 66 = -l. Calculate the remainder when m is divided by 10.
9
Let i = -5 - -7. Let s be (-4)/(-5)*(-100)/(-40). Suppose -11 = -c + 2*z, -3*c - i*c + 55 = s*z. Calculate the remainder when c is divided by 4.
3
Let k(c) = c - 5*c - c + 3*c - 3. Calculate the remainder when k(-4) is divided by 2.
1
Let g(a) = a + 43. Let j be g(0). Let z = 5 + -2. Suppose 5*u + z*q = q + j, 12 = u - 3*q. Calculate the remainder when 26 is divided by u.
8
Let y = 20 + -15. Suppose -7*a + 36 = -y*a. What is the remainder when (-211)/(-4) - 1/(-4) is divided by a?
17
Calculate the remainder when 45 is divided by (-16)/(2*(-2)/4).
13
Suppose h + 2*p = 3, h + 3*p - 7*p = -3. Let a = 13 + -1. Let n = a - h. What is the remainder when 32 is divided by n?
10
Let g = 21 + -12. Let w(t) = -2*t**3 - 3. Let u(v) = -9*v**3 - 13. Let m(n) = -6*u(n) + 26*w(n). Calculate the remainder when m(2) is divided by g.
7
Let c = -59 + 85. Suppose u - 4 = 0, -4*u + 2 = -4*n + c. Calculate the remainder when 28 is divided by n.
8
Suppose -8 + 30 = 2*a. Suppose 16 = -4*w + 3*w. Let c = w + 22. Calculate the remainder when a is divided by c.
5
Suppose -51 = 3*i - 4*i. Calculate the remainder when i is divided by 18.
15
Suppose -4*s - 4*y + 22 - 6 = 0, 0 = 3*y - 12. Suppose s = 3*f - f. Suppose f = -4*n - n + 100. What is the remainder when 57 is divided by n?
17
Suppose 0 = -5*l - 0 + 5. Suppose l - 11 = -2*d. What is the remainder when 14 is divided by d?
4
Suppose 13*g - 46 - 45 = 0. Calculate the remainder when 24 is divided by g.
3
Suppose 258 = 9*d - 3*d. Calculate the remainder when d is divided by 8.
3
Let k(f) = -1. Let t(c) = c**2 - 2*c - 4. Let q(i) = -6*k(i) + t(i). Let b = -4 - -9. Calculate the remainder when b is divided by q(2).
1
Suppose -4*d - 16 = -60. Calculate the remainder when d is divided by 8.
3
Let s = -25 - -49. What is the remainder when (-230)/(-3) + 8/s is divided by 20?
17
Suppose -2*u + 72 = 2*t + 3*t, -2*t - 4 = 0. What is the remainder when 79 is divided by u?
38
Suppose -4*g - 238 - 94 = 0. What is the remainder when 106 is divided by g/(-3) + (-4)/6?
25
Suppose -j - 3 + 5 = -5*o, -4*o = -3*j + 39. What is the remainder when j is divided by 3?
2
Let u = 15 + -6. Suppose 0*z + 3*p = -3*z + 117, 4*z - 2*p - 132 = 0. Calculate the remainder when z is divided by u.
8
Let p(g) = -3*g + 9. Let j be p(8). Let q = -9 - j. Calculate the remainder when q is divided by 3.
0
Calculate the remainder when 19 is divided by 60/(-6 - -9)*1/2.
9
Suppose 4*s = 5*w + 248, 2*w + 0*w = s - 65. Let h = s + -36. Let q = -11 + 19. Calculate the remainder when h is divided by q.
5
Let h(b) = -2*b + 13. Let p = 18 - 31. Calculate the remainder when 75 is divided by h(p).
36
Let f(d) = -2*d + 1. Let u be f(8). What is the remainder when (14/(-6) - 0)*u is divided by 9?
8
Let g = -4 - -4. Suppose g*u + 32 = -2*u. What is the remainder when 22 is divided by ((-1)/1)/(2/u)?
6
Let c(z) = z**3 - 6*z**2 - 8*z + 6. Let o be c(7). Let i = o + 9. What is the remainder when -3*(-2)/(-9)*(-156)/8 is divided by i?
5
What is the remainder when 195/6 + 6/4 is divided by 14?
6
Suppose -5*b + 99 = f, -3*b + 53 = f - 2*f. Suppose s = 4*v + 2*s - 20, 3*s = -4*v + 20. What is the remainder when b is divided by v?
4
Suppose 10 = 3*y - 8. Calculate the remainder when 29 is divided by y.
5
Suppose -3*c - c + 20 = 0. Suppose -c*q + 4 = 2*g - 36, g - 25 = -3*q. Let i(x) = 3*x**2 + 2*x - 15. What is the remainder when i(3) is divided by q?
8
Let j(d) be the first derivative of -5/2*d**2 + 1/3*d**3 + 2 + 2*d. Calculate the rem